240
In base 2, what is 1 - -110010001111001?
110010001111010
In base 6, what is 0 - 43003?
-43003
In base 8, what is 6071 - -441?
6532
In base 5, what is 3440 + 132?
4122
In base 6, what is -12243123 + 4?
-12243115
In base 4, what is -3 + 120230030?
120230021
In base 12, what is -1 - a3a67?
-a3a68
In base 8, what is -26 + -710?
-736
In base 15, what is -2 + -5c91?
-5c93
In base 15, what is 6a + -e3b?
-dc1
In base 11, what is 19a + 277?
466
In base 8, what is 4251 - 2?
4247
In base 14, what is 33 + -8c58?
-8c25
In base 11, what is 1879 - 9?
1870
In base 12, what is -67852 + -3?
-67855
In base 9, what is 1578 - 1652?
-63
In base 5, what is -2422 - -330?
-2042
In base 2, what is 110101000011101 - -110?
110101000100011
In base 5, what is 430 - -13214?
14144
In base 14, what is -76 + 55b?
4c5
In base 16, what is 15552 - -7?
15559
In base 5, what is 400 - 114341?
-113441
In base 4, what is -1011111 - -112?
-1010333
In base 7, what is -5 + 146?
141
In base 9, what is 0 + -36183?
-36183
In base 3, what is -102021000 - -10?
-102020220
In base 11, what is -161241 - 1?
-161242
In base 3, what is -1121211020 + 2?
-1121211011
In base 2, what is -10 + 1000011011101111?
1000011011101101
In base 12, what is 12551 + 27?
12578
In base 9, what is 2 - 30?
-27
In base 11, what is 64 + 5996?
5a4a
In base 11, what is -5 - 159735?
-15973a
In base 4, what is 3 - 1022230?
-1022221
In base 12, what is -154323 + -1?
-154324
In base 15, what is -b - 1054c8?
-1054d4
In base 13, what is -19cc + 10?
-19bc
In base 11, what is -14334 + 4?
-14330
In base 11, what is 5 - -9131?
9136
In base 4, what is 31123201 - 12?
31123123
In base 9, what is -136 + -223?
-360
In base 11, what is -46 + -387?
-422
In base 11, what is 6372a - 3?
63727
In base 3, what is -12011102000 + 2?
-12011101221
In base 6, what is 255501 + 5?
255510
In base 2, what is 1001001011011100 + 1010001?
1001001100101101
In base 16, what is 26 - 5f2e?
-5f08
In base 4, what is -123011 - 113?
-123130
In base 16, what is 9 - -938?
941
In base 10, what is 9526 + -39?
9487
In base 16, what is 69 - 89?
-20
In base 4, what is 333 + -101211131?
-101210132
In base 2, what is 101000010110101100 - -100?
101000010110110000
In base 12, what is 5683 - 1?
5682
In base 9, what is 1 - 165050?
-165048
In base 13, what is 18 + -725?
-70a
In base 9, what is 32065 - 3?
32062
In base 15, what is 42e2e0 - 0?
42e2e0
In base 15, what is -cb3 + 49c?
-816
In base 5, what is -2 + 200032141?
200032134
In base 5, what is -144 + -4114?
-4313
In base 11, what is -1311 + -148?
-1459
In base 12, what is 439 + 267?
6a4
In base 9, what is 870 - -128?
1108
In base 11, what is 10792 - -11?
107a3
In base 8, what is -724323 + 1?
-724322
In base 10, what is 14926 - 1?
14925
In base 3, what is 110210 + 122100?
1010010
In base 10, what is -37 - 458?
-495
In base 14, what is -ddd9b - 3?
-ddda0
In base 3, what is -1010 + -10100021?
-10101101
In base 9, what is -4 - -23012?
23007
In base 15, what is -36495 - -1?
-36494
In base 4, what is 1112 + -1202100?
-1200322
In base 4, what is 3 + -20313000?
-20312331
In base 2, what is 1 + 11000011111010110100?
11000011111010110101
In base 3, what is 1011 - -2022?
10110
In base 5, what is -444234 - 0?
-444234
In base 8, what is 17100 - 515?
16363
In base 6, what is 45 + 200021?
200110
In base 2, what is 1010 - -110110111100?
110111000110
In base 11, what is 75135 + 4?
75139
In base 14, what is -d6 + 2d?
-a7
In base 12, what is -98 - 213?
-2ab
In base 6, what is 5225125 + 4?
5225133
In base 2, what is 1101101101011110001 + -100?
1101101101011101101
In base 9, what is 713 + -28?
674
In base 2, what is 11000110100 - -11001?
11001001101
In base 6, what is -442123 - 1?
-442124
In base 14, what is -77697 - 3?
-7769a
In base 13, what is -8 - -1062?
1057
In base 6, what is -15 + 3205?
3150
In base 8, what is 63653 - -24?
63677
In base 6, what is -442 + 322?
-120
In base 10, what is -4 - 52?
-56
In base 15, what is -1d + -b61?
-b7e
In base 12, what is 8645a + -1?
86459
In base 7, what is -50656 + -113?
-51102
In base 7, what is 2500 - -1430?
4230
In base 3, what is 12020001 + -1102100?
10210201
In base 12, what is 0 - -54a88?
54a88
In base 10, what is 41128 + -2?
41126
In base 8, what is 67 + 66770?
67057
In base 12, what is 4398 - -56?
4432
In base 12, what is -2 - 661494?
-661496
In base 15, what is -42 + -1ac0?
-1b12
In base 2, what is 1011 + 111001?
1000100
In base 9, what is 1136 + -680?
346
In base 6, what is -13500 - -141?
-13315
In base 13, what is 125 + 152?
277
In base 5, what is 222132 - 4?
222123
In base 4, what is -303302011 + 13?
-303301332
In base 6, what is 1151 + -52?
1055
In base 12, what is 298 - -37?
313
In base 16, what is 17 + 2317?
232e
In base 16, what is 27 + e73?
e9a
In base 4, what is -10 + -1130330?
-1131000
In base 13, what is 1c765 - -1?
1c766
In base 5, what is 310402 - 12?
310340
In base 15, what is 18ae + d8?
1997
In base 2, what is -101 - 10111111111?
-11000000100
In base 11, what is -7a - 54?
-123
In base 6, what is -3041 - 1250?
-4331
In base 16, what is -4 + f51?
f4d
In base 3, what is -21211001212022 - 12?
-21211001212111
In base 4, what is -10 + -20122202?
-20122212
In base 7, what is -1 + -36330?
-36331
In base 11, what is -1525 - -3?
-1522
In base 9, what is -1350 + -28?
-1378
In base 10, what is 2440 - -12?
2452
In base 3, what is -10200220 + -10?
-10201000
In base 11, what is -5502 - -12?
-54a0
In base 8, what is -44734 + -2?
-44736
In base 5, what is -1 + 224001?
224000
In base 14, what is 3b3c3 + 5?
3b3c8
In base 9, what is 188 - -53631?
53830
In base 11, what is -1a31504 + 5?
-1a314aa
In base 3, what is 21 + -210102201011?
-210102200220
In base 15, what is c0 - -be?
18e
In base 7, what is 65 + 200662?
201060
In base 9, what is 2208 + -3?
2205
In base 10, what is 0 - -26729?
26729
In base 6, what is 4003540 - -40?
4004020
In base 4, what is -121013 + 0?
-121013
In base 13, what is 76c8 - -5?
7700
In base 14, what is 26 + -3c3?
-39b
In base 7, what is -362230 + -22?
-362252
In base 3, what is 10220 + 1202021?
1220011
In base 2, what is 1100100011100000 - 0?
1100100011100000
In base 8, what is 352 - 35?
315
In base 16, what is -2 + 144d3?
144d1
In base 9, what is -3 + 202714?
202711
In base 12, what is 112 + 254?
366
In base 6, what is -40 + -15523?
-20003
In base 14, what is -183dbb + -5?
-183dc2
In base 15, what is -14b - 93?
-1de
In base 14, what is -3 + 8603?
8600
In base 5, what is 23043 + -111?
22432
In base 7, what is 200414 + -101?
200313
In base 4, what is -11 + 2222233213?
2222233202
In base 15, what is -1 + 50c3?
50c2
In base 2, what is 11 - -11110100000000000101?
11110100000000001000
In base 12, what is -1383 + 9?
-1376
In base 13, what is a66 + b21?
1887
In base 8, what is 23403157 - -5?
23403164
In base 16, what is 187 + -54c?
-3c5
In base 6, what is 4544 + -40?
4504
In base 8, what is 5704517 - 4?
5704513
In base 7, what is -5 + 6461?
6453
In base 6, what is 10 + 30451?
30501
In base 7, what is -5561 - 6626?
-15520
In base 4, what is 1303 + 303100?
311003
In base 13, what is -415 + -50a?
-922
In base 10, what is 5 - -181858?
181863
In base 7, what is 1115411 - 2?
1115406
In base 11, what is 1150 - 145?
1006
In base 4, what is 102311001 + -3?
102310332
In base 7, what is -31 + 1443543?
1443512
In base 5, what is 1 - -3123031?
3123032
In base 7, what is -1 + 13316?
13315
In base 11, what is 205a9 + 1?
205aa
In base 11, what is -47 + -729?
-775
In base 11, what is -1469 + 39?
-1430
In base 12, what is -545 - -b7?
-44a
In base 16, what is d078 + 9?
d081
In base 13, what is -8195c + 0?
-8195c
In base 2, what is -1001001101001 + -111010?
-1001010100011
In base 11, what is -11a - 6991?
-7000
In base 2, what is -1000110 - -11100001?
10011011
In base 11, what is 7 + -92100?
-920a4
In base 14, what is -92c + -10?
-93c
In base 5, what is -12 + -422220?
-422232
In base 3, what is 2 - 1022110211?
-1022110202
In base 15, what is 1ae6 + -3e?
1aa7
In base 15, what is 7 - 1113?
-110b
In base 15, what is -10 - -227c?
226c
In base 11, what is -1 + -13704?
-13705
In base 3, what is 220012201 + -1?
220012200
In base 15, what is -762 - -5?
-75c
In base 9, what is -5 - 756484?
-756500
In base 2, what is 10 - -11100101101001?
11100101101011
In base 9, what is 7707 + -36?
7661
In base 5, what i